*k + 20 = h. Let t(n) = -k - 3*n + 4 - 1. Let y be -1 + -2 + (1 - 2). Determine t(y).
6
Let j(f) be the second derivative of -3/2*f**2 + 5/6*f**3 + 3*f - 1/3*f**4 + 1/20*f**5 + 0. Let t(c) = c**3 + 6*c**2 + c + 9. Let n be t(-6). Determine j(n).
3
Let o(w) be the first derivative of 3*w**2 + 27. Let v be 4/(-5)*20/(-8). Let z = -3 + v. What is o(z)?
-6
Let h(y) = 4*y**2 + 2*y. Suppose -3*b - 24 = -7*b. Suppose 2*m - 9 = 3*a, 4*m - 6*m + 2*a + b = 0. Suppose 4*v + 2*v + 12 = m. What is h(v)?
12
Let m = -265 - -259. Let b(f) be the third derivative of -f**4/24 - f**3/6 + f**2. Let g(s) = -s**2 - 12*s - 12. Let w(d) = 6*b(d) - g(d). Calculate w(m).
6
Suppose w + 41 = 43. Let q(n) = 2*n + 64*n**3 + 6 + 4*n**w - 65*n**3 + 4*n. Calculate q(5).
11
Let v be (5 - (-14)/(-4))*4. Let o(s) = -s**2 + 8*s - 4. Let z be o(6). Let c(n) = 7*n**2 + 1 + 5 - z*n - n**3 - 2. Calculate c(v).
-8
Let w(t) = 4*t - 4. Suppose 12 = 44*k - 40*k. Determine w(k).
8
Let n(k) = 17*k**2 + 138*k + 127. Let d be n(-7). Let u(y) = y - 3. Let f be u(5). Let q(m) = -2 - 7*m + 3*m**f - 7*m**2 + 3*m**2. What is q(d)?
4
Let y be (10/(-25))/((-30)/25). Let q(j) be the second derivative of 1/2*j**2 + 0 - 10*j - 1/3*j**3 - y*j**4. Determine q(1).
-5
Suppose -2*q - 52 = -5*k, -5*q - 55 = 2*k - 7*k. Let w(g) = g**3 - g**2 + 1. Let a(u) = -3*u**3 - 7*u**2 + 10*u. Let m(z) = a(z) + 4*w(z). What is m(k)?
4
Let v = 860 + -868. Let g(i) = -i**2 - 6*i + 19. What is g(v)?
3
Let i = 433 + -435. Let w(b) = 7*b**2 - 2*b - 2. Calculate w(i).
30
Let p(g) = g**3 - 1. Let w(o) = 6*o**3 - o**2 - o - 20. Let i(x) = -5*p(x) + w(x). Let h(v) = -v**3 + 6*v**2 + 7*v + 72. Let b be h(8). Determine i(b).
-15
Let u(w) be the third derivative of -21*w**2 - 1/60*w**5 + 0*w - 1/24*w**4 + 0 + 0*w**3. Let a be 18/(-10) - (-1)/(-5). Determine u(a).
-2
Let v = 128 + -132. Let s be (v/3 - -2)/(10/30). Let y(n) = 2*n**3 - 4*n**2 + n + 2. Calculate y(s).
4
Let m(l) = -52*l - 99. Let f(w) = 37*w + 66. Let u(t) = 7*f(t) + 5*m(t). What is u(-17)?
-16
Let s(t) = 3*t**2 - t + 1. Suppose 0 = -4*k - 5*g + 21, 2*g + 18 = 5*k - 0*g. Suppose 0*p + k*p - 4 = 0. Give s(p).
3
Let l(w) = 23*w**2 - 12*w**2 + 8 - 10*w**2 + 5*w. Give l(-6).
14
Let n(u) = 4*u - 9. Suppose -4*d - 2*d = -24. Let h be ((-4)/(-16)*-7)/((-1)/d). Give n(h).
19
Let y(v) = 3*v + 20. Let p be y(-6). Let f be (15/(-9) + 1)/(p/(-6)). Let n(x) = 3*x - 1. What is n(f)?
5
Let p(s) = 11*s - 8. Let v be p(0). Let j(y) = -y**3 - 7*y**2 + 7*y + 2. What is j(v)?
10
Let l(z) = -3*z**3 + z**2 - z. Let o(u) = 7*u**3 - 3*u**2 + u. Let y(k) = 9*l(k) + 4*o(k). Let r(b) = -8*b - 4. Let m = 11 + -12. Let t be r(m). Determine y(t).
-4
Suppose -11 = -7*v + 31. Let d(x) = x**3 + 7*x + 8 + 5 - 6 - 5*x**2 - 2*x**2. What is d(v)?
13
Let c(i) = i**2 + 5*i - 4. Let p be c(-5). Let v(d) be the first derivative of d**3/3 - d**2/2 - d - 139. What is v(p)?
19
Let x(f) = 1 - 2*f + 1 + 5. Suppose -3*z - o = -0*o + 53, 20 = 5*o. Let m = 24 + z. What is x(m)?
-3
Let v = 49 - 53. Let k(p) be the first derivative of p**4/4 + 5*p**3/3 + 5*p**2/2 + 3*p + 6. What is k(v)?
-1
Let i(k) = k**2 - k + 3. Let b be 3*(-6 - -5) - -3. What is i(b)?
3
Let i = -4 - -6. Let n(f) = -5*f**3 - 18*f - f**i + 4*f**3 + 17*f. Let c(z) = -5*z**3 - 10*z**2 - 4*z - 3. Let d(m) = -c(m) + 6*n(m). Calculate d(3).
6
Let y(a) = 13*a - 84. Let w(n) = 11*n - 70. Let u(j) = -6*w(j) + 5*y(j). Determine u(1).
-1
Let y be (21/7 + -6)*(-2)/(-2). Let c(o) = o. Suppose 0 = 3*t + 9, -2*t = -2*w - w + 9. Let k(h) = -7*h - 2. Let n(d) = w*k(d) + 6*c(d). Calculate n(y).
1
Let n(v) = 7*v. Suppose -10*o - 43 + 13 = 0. What is n(o)?
-21
Let i(t) = -10*t**2 - 21*t - 19. Let x(g) = 7*g**2 + 14*g + 13. Let m(c) = -5*i(c) - 7*x(c). Suppose 0 = -4*p - 3*y - 22, y = -4*p + 6*y - 6. Determine m(p).
-8
Let r(o) = 196 + 2*o - 196. Let y be r(2). Let t(g) = 6 + g**2 + g**2 - g**2 - 5*g. Give t(y).
2
Let m(z) = -3 + 5*z + 12 - 4*z - 8 + 3*z**2. Let w = 4 - 1. Suppose 4 - 7 = w*b. Calculate m(b).
3
Let j(g) = -g. Let z(u) = u. Let y(n) = -j(n) - 2*z(n). Let s = 1480 + -1479. Determine y(s).
-1
Let l(b) = -b**3 + 13*b**2 + 16*b - 2. Let n(x) = 8*x**3 - 90*x**2 - 111*x + 15. Let m(i) = -15*l(i) - 2*n(i). Determine m(-14).
56
Suppose 2*a - 7 = -17. Let d(c) = -3*c + 2. Determine d(a).
17
Suppose -9*s = w - 12*s - 4, 2*s = 0. Let d(o) = -3 + 0 + 2*o - 1. Determine d(w).
4
Let y(t) be the first derivative of -t**3/3 - t**2/2 + 3*t + 44. Give y(-4).
-9
Let r(u) = u**3 - 95*u**2 + 926*u - 174. Let l be r(84). Let n(z) = 0*z + z + 4*z + 6. Determine n(l).
-24
Let p(r) be the first derivative of r**4/4 - r**3/3 - 3*r**2/2 + r + 1. Let m be 36/63 - 153/(-63). What is p(m)?
10
Let q(w) = w**3 + 4*w**2 - 5. Let m = 95 - 97. Let h be ((-24)/15)/(m/(-5)). Give q(h).
-5
Let q(x) = -14*x**2 - 6*x - 3. Let h = -9 - -9. Suppose h = -0*b + b - 6. Let g(u) = -5*u**2 - 2*u - 1. Let p(l) = b*q(l) - 17*g(l). Give p(-2).
7
Let m be (-1 + -1)/(18/27). Let b be m*1*(-16)/24. Let v(t) = -2*t - 3*t + 2 - t**b + 0*t - 4. Calculate v(-2).
4
Let t be 62/(-16) + (-17)/(170/(-40)). Let p(g) be the third derivative of 4*g**2 + 0*g + 0 + 1/2*g**3 + 1/30*g**5 - t*g**4. What is p(3)?
12
Let m(o) = 6*o - 3. Suppose -5*t - 706 = -691. Give m(t).
-21
Let d(c) be the first derivative of 1/4*c**4 - 10 + 3/2*c**2 + 4/3*c**3 + c. Determine d(-2).
3
Let h(s) = s**2 - 3*s + 3. Let l(r) be the third derivative of 1/3*r**3 - 5/12*r**4 - 5*r**2 + 0 + 0*r - 1/60*r**5. Let d be l(-10). What is h(d)?
1
Let r(n) be the third derivative of n**5/60 - 5*n**3/6 + n**2 + 7*n. What is r(-4)?
11
Let r(f) be the third derivative of 5*f**4/24 + f**3/6 + 9*f**2. Let o(g) = -g**3 - 7*g**2 - 2*g - 15. Let p be o(-7). What is r(p)?
-4
Let l(o) = -o + 25. Suppose -3*w + 3*h + 13 = -50, 3*w + 5*h = 63. Determine l(w).
4
Let a(p) = -4*p + 6. Let g = -51 + 54. What is a(g)?
-6
Let q(z) = 2*z - 37. Let x(b) = 2*b - 23. Let u(k) = 2*q(k) - 3*x(k). Let d(n) = -4 - 3 + 3 + n**3 - 4*n**2 - 5*n. Let m be d(5). Calculate u(m).
3
Let u(n) = -8*n - 2 + 10*n + 3. Let v(r) = 2*r - 3. Let m be v(3). Suppose f = -m*f + 12. Calculate u(f).
7
Let q(c) = -c + 4. Let z(a) = -a**3 + 5*a**2 + 4*a + 8. Let f be z(6). Let j be q(f). Suppose 3*y = j + 4. Let n(r) = -3*r + 6. Calculate n(y).
-6
Let w(k) = 19. Let q(i) = i + 9. Let b(g) = 4*q(g) - 3*w(g). Calculate b(10).
19
Let z = -194 - -191. Let u(o) = -3*o - 2. Let i(l) = -4*l - 2. Let c(w) = -4*i(w) + 5*u(w). Calculate c(z).
-5
Let a(g) be the second derivative of g**5/20 + 3*g**4/4 - 2*g**3 - 11*g**2/2 - 74*g. Determine a(-10).
9
Let w(q) = -4*q + 2*q**3 + 2*q**2 + 2*q - q**3. Let p(o) = 2*o + 15. Let x be p(-9). Let s be w(x). Let l(k) = -k**3 - 5*k**2 - 4*k - 1. Determine l(s).
-7
Let x(w) be the third derivative of -1/5*w**5 - 1/24*w**4 + 1/6*w**3 + 0*w + 0 - 7*w**2. Give x(1).
-12
Suppose -w - 11 = -3*w - c, 0 = c - 1. Let j(a) = -a + 3. Let q be 2/6 - (-40)/(-12). Let n(m) = -2*m + 5. Let i(v) = q*n(v) + 5*j(v). Give i(w).
5
Suppose -5*g = -0*g + 20. Let h(p) = -p**2 - 5*p + 2. Let f be h(g). Let q(u) be the second derivative of -u**3/3 + 7*u**2/2 - 7*u. Calculate q(f).
-5
Let d(x) = -x**2 + x - 28. Suppose 5*t + 20 = 0, -w + 18*t - 16 = 22*t. Determine d(w).
-28
Suppose -26*l = -3*s - 21*l - 25, 0 = -2*s - 3*l + 15. Let y(c) = c + 8. Calculate y(s).
8
Suppose k - 3*f = -k - 4, -2*f + 4 = -k. Let y(o) be the third derivative of -o**4/8 + 2*o**3/3 - 70*o**2 + 4*o. Calculate y(k).
-8
Let h(b) = -11*b**2 - 8*b**2 + b + 25*b**2 - 23*b**2. What is h(1)?
-16
Let l(n) be the first derivative of 2*n**3/3 + 9*n**2 + 8*n + 129. Give l(-9).
8
Suppose -2*b + l = -5, -2*b + l - 6*l + 11 = 0. Suppose 2*u + b*u - 10 = 0. Let c(h) be the first derivative of h**2/2 - 2*h - 15. Determine c(u).
0
Let v(p) = 266*p**2 - 267*p**2 + p - 10 + 1. What is v(0)?
-9
Let f(p) = 7*p**2 + 27*p - 5. Let d(v) = 3*v**2 + 13*v - 2. Let c(n) = -9*d(n) + 4*f(n). What is c(6)?
-20
Let w(y) = y + 5. Let x = 297 + -303. Calculate w(x).
-1
Suppose -4*n - 2*d = 30, -20*n - 36 = -15*n + 2*d. Let x(y) = -2*y**2 - 12*y + 2. Calculate x(n).
2
Let i = 3 - 0. Suppose i*w - 2*w - 4 = 0. Let z(y) = -19*y**2 + 4*y + 15. Let d(q) = -12*q**2 + 3*q + 10. Let o(j) = 8*d(j) - 5*z(j). Calculate o(w).
5
Let h(s) = 29 + 2*s**2 - 33 + s**3 